?
True
Let m be 1 - (2/(-2) - 3). Is m/(15/6) - -67 a prime number?
False
Is (-7)/(2/(-6) - (-84)/279) prime?
False
Suppose 3*y = -0*y + 483. Is y a composite number?
True
Suppose -3*i - 5*j + 14 = -5*i, 0 = 5*j - 20. Suppose -i*m = -292 - 53. Is m a prime number?
False
Suppose -3*n + 81 = -6. Suppose -2*a + 26 = -4*v, n = 3*a - 4*v - 8. Is a a prime number?
True
Suppose 5*b - 4*b - 3 = 0. Suppose -b*i = 2*i - 445. Suppose 0 = -v + 2*v - i. Is v a composite number?
False
Let o = -20 + 51. Is o composite?
False
Suppose p = 5*p + 1048. Let x = p + 389. Is x prime?
True
Let l(o) = 854*o - 3. Is l(3) a composite number?
True
Let i(n) = n**3 + 10*n**2 - 16*n + 10. Let v be i(-14). Is v/(-3) - (-1)/(-3) prime?
False
Let o(f) = f**3 + 10*f**2 - 10*f + 9. Let s be o(-11). Let z be s/8 + (-411)/4. Let p = 170 + z. Is p a prime number?
True
Let t(k) = -k**3 - 11*k - 6 + 16*k + 12*k**2 - 4*k**2. Is t(8) a prime number?
False
Let w(f) = -3*f**3 - 2*f**2 + 3*f + 2. Let h be w(-2). Suppose 2*c - h = 4*s, 0*c + 2*c + 6 = -5*s. Is (1 + 1)/s*-119 a prime number?
False
Suppose 0 = d + 15 - 426. Is d prime?
False
Let v(u) = 493*u**3 + u**2 - 2*u + 1. Let r be (-10)/(-4)*34/85. Is v(r) prime?
False
Let n = 1026 - -273. Let q = 1840 - n. Is q composite?
False
Let w be (4/(-8))/((-1)/1264). Suppose -3*s = -5*f + 644, -2*s + w = 5*f - s. Is f prime?
True
Suppose -326 = -r + 5. Is r composite?
False
Suppose i - 12 = -2*i. Suppose -2*b + i = 4*j + j, -40 = -4*b - 2*j. Suppose 5*s = -b + 267. Is s a composite number?
True
Suppose 5 + 5 = 2*x. Suppose -5*r = -x*c + 170, 63 = 3*c + 3*r - 21. Is c a composite number?
False
Let m = -5 + 8. Suppose s + 3*g - 89 = 0, -m*g - 62 = -2*s + 80. Is s a prime number?
False
Let u(k) = 18*k - 19. Is u(5) prime?
True
Let z = 25 - -62. Let s be 1*-33 - (-1 - 0). Let x = z + s. Is x a prime number?
False
Is 5/(4 - 9) - -58 a prime number?
False
Let b = 639 - 374. Is b a composite number?
True
Suppose p + 3153 = 5*q + 3*p, 3*p + 3 = 0. Is q a composite number?
False
Suppose -20*t = -17*t - 66. Is t prime?
False
Suppose -5*z + z - 5*b = -13, b = 1. Suppose -z*a - a + 381 = 0. Is a a composite number?
False
Let z(x) be the third derivative of -x**6/120 - x**5/15 + 5*x**3/6 + 2*x**2. Let s be z(-4). Suppose -s*p = -57 - 8. Is p a prime number?
True
Is (-3)/((-3)/1801)*(-13 + 14) prime?
True
Let p be 1286/7 - 4/(-14). Let u = -66 - -68. Suppose u*i + 287 = 3*m, 5*i + p = -m + 3*m. Is m composite?
False
Let t = -8555 + 12184. Is t composite?
True
Let b(n) = -n - 3. Let p be b(-7). Suppose o - p*o - 2*h = -629, -834 = -4*o - 5*h. Is o a prime number?
True
Suppose q + 2*q - 11 = z, 2*z = -3*q + 5. Let w be 0 + (1 - 1 - z). Is -1*(-15 + 0) - w a composite number?
False
Let r(c) be the third derivative of c**9/60480 + c**8/10080 - c**7/840 + c**6/144 - c**5/30 + c**2. Let l(q) be the third derivative of r(q). Is l(4) prime?
False
Let j be 7/(3*1/24). Let s = -24 - j. Let r = s - -131. Is r a prime number?
False
Suppose -q + 2*q = 284. Suppose q + 181 = 5*z. Is z prime?
False
Suppose 4*i - 1858 - 1114 = 0. Is i composite?
False
Let r = 22 + -16. Suppose -3*b + 17 = 2*k, r*b = 5*k + 2*b - 8. Suppose -4 = k*v - 88. Is v prime?
False
Let o be (-1 - 1)/(-7 - -6). Is (2 + o)*13/2 composite?
True
Let m = 81 - 8. Let p = -58 - -16. Let w = p + m. Is w a prime number?
True
Suppose x + 4*m - m = 15, -5*x + m = -27. Let p(j) be the first derivative of -j**4/4 + 8*j**3/3 + 7*j + 1. Is p(x) a composite number?
False
Suppose 4*z - 11784 = -5*f, 3*f - f = z - 2959. Is z a prime number?
False
Is (-763 + 0)*(1 - 2) prime?
False
Suppose -75*k = -77*k + 2798. Is k composite?
False
Let g = 408 + -14. Is g composite?
True
Suppose 4*l + 4*i - 9*i = 1152, 4*i + 1449 = 5*l. Is l a prime number?
True
Let m = 20 + -16. Suppose -m*y + 2180 + 536 = 0. Is y prime?
False
Suppose 2*y - 4*a = -2*y + 2484, -4*y = a - 2494. Is y a composite number?
True
Let n = 2681 - -708. Is n a prime number?
True
Let j be (-8)/(-1 - 1) - -1383. Suppose j = 4*h - 865. Is h prime?
True
Suppose -2*q + q = -2. Suppose -5*p + 5 = 0, -3*k + 21 = -q*p + 2. Is k composite?
False
Let n(a) = -a**3 - 3*a**2 + 2*a - 4. Let d be n(-4). Suppose 0 = -4*t + x + 94, -d*t = -3*t + 2*x - 19. Is t a prime number?
True
Suppose -o + 690 = o. Suppose -4*j - o = -7*j. Is j a composite number?
True
Suppose 0 = 4*y - 5 - 15. Suppose v + y*j - 62 = 0, -v - v + 138 = -4*j. Is v a prime number?
True
Let v(m) = -36*m**2 + 7*m - 2. Let a be v(6). Let n = -859 - a. Is n prime?
True
Let r = 3 + 6. Suppose 3*s = r, 3*s - 3 - 18 = -4*w. Is w composite?
False
Let d(v) = v - 1. Let w be d(0). Let h(g) = 3*g - 1. Let n be h(w). Is 111 - -1 - (3 + n) a composite number?
False
Let v be 328 + (2 - (2 + 0)). Let n = 491 - v. Is n a composite number?
False
Suppose 10 = -4*b + 2*r, -30 = 2*b + 2*b + 2*r. Let n(j) = -3*j**3 + 2*j**2 - 6*j - 6. Is n(b) a composite number?
False
Suppose -4*j = -0*j + 20. Is (-1)/j + 104/5 a prime number?
False
Let o(p) be the third derivative of p**5/12 + p**4/12 + 6*p**2. Is o(-5) a prime number?
False
Suppose -6433 = -9*w + 2*w. Is w prime?
True
Let i be (-7)/3 + 6/(-9). Let u = i - -166. Is u a prime number?
True
Suppose 0 = 6*g - 3*g. Suppose 133 = 3*s + 4*r - 49, 5*r - 68 = -s. Is s - g/(-3) - -1 a composite number?
False
Let m(o) = 52*o**2 - o - 1. Let w(q) = q - 5. Let p be 10 - (2/1 + 1). Let d be w(p). Is m(d) a prime number?
False
Suppose 9*y = 12*y - 4197. Is y prime?
True
Let x(u) = -2*u. Let c be x(1). Is 370/1 + (-1 - c) a composite number?
True
Let j = -7 - -7. Suppose 2*t + c - 76 = j, 2*t + c = 3*t - 35. Is t a composite number?
False
Let b = -14 + 11. Is ((-1119)/9)/(b/9) prime?
True
Let i = 1681 - 170. Is i prime?
True
Suppose -u - 5*z = -1102, z - 5380 = -5*u + 2*z. Is u a prime number?
False
Suppose -1 = y - 3. Suppose 3*n - 25 = -y*n. Suppose -5*o - 62 = -3*r, 5*r - n*o = r + 76. Is r a composite number?
True
Is 5 + 1 + -3 - -23 a composite number?
True
Let x be (-18)/12*172/(-6). Suppose 2*f + x = l - 3*f, -5*l - 4*f + 157 = 0. Is l composite?
True
Is 180 - (2/(-1))/(-2) a composite number?
False
Let d = 4 - 1. Let j = d - -2. Suppose j*i + 13 = 6*i. Is i prime?
True
Let b = -3 - -4. Is (-1 - 0)/(b/(-25)) prime?
False
Let f(j) = -2*j - 3 + 2*j - j. Let q be f(3). Is ((-2)/q)/(6/342) a prime number?
True
Let i = -415 - -238. Let c = -250 - -128. Let j = c - i. Is j composite?
True
Suppose 2*h = h - 27. Is 2/(3 - (-75)/h) composite?
True
Let o = -1264 - -2015. Is o a prime number?
True
Let b = 227 + -100. Is b a prime number?
True
Let m(c) = -c**2 - 2*c + 5. Let d be m(-4). Let k be 0/(d - 2*-2). Let n(l) = l + 67. Is n(k) a composite number?
False
Let d(a) = a - 36. Let o be d(0). Suppose 17 = -5*r + 462. Let w = r + o. Is w composite?
False
Suppose 5*m - 1 = 3*b, 3*m = -b + 13 - 4. Let p(h) = 0 - 4 + 6 + 3*h. Is p(b) a composite number?
False
Suppose 2*j = 6, 13 = 2*s - s + 3*j. Suppose 3 = s*u - 5. Is u/(-3)*1092/(-8) composite?
True
Let k = -6217 + 10152. Is k a composite number?
True
Let t(s) = s. Let k = 9 - 5. Let p be t(k). Let v(q) = 5*q**3 - 4*q + 3. Is v(p) prime?
True
Suppose -2*n - 6*w + 1006 = -w, -970 = -2*n + 4*w. Is n composite?
True
Let r(k) = 5*k**3 - k**2 - 3*k - 1. Let d(j) = 15*j**3 - 3*j**2 - 8*j - 3. Let l(o) = 4*d(o) - 11*r(o). Let t be l(1). Is (1/1 + t)*11 a prime number?
False
Suppose 3*v - 54 = 9. Is v composite?
True
Let k(w) = -7*w**3 - 2*w**2 + 2*w. Let y be k(-3). Suppose 5*q - y = -2*u, -q = 4*u - 39 - 12. Is q composite?
False
Is 1188 + 8 + 0 + -5 a prime number?
False
Is (-8)/28 - 46404/(-28) a prime number?
True
Suppose -5*t = -2*r + 988, -5*r + 1850 + 601 = -3*t. Suppose 2*n - 5*n = -r. Is n composite?
False
Let p(s) = -11*s**3 + 22*s**2 - 16*s - 41. Let r(w) = -4*w**3 + 7*w**2 - 5*w - 14. Let a(j) = 3*p(j) - 8*r(j). Suppose 0 = -2*m + 15 + 1. Is a(m) prime?
True
Let c = -1 - -5. Let s be -1 + 3 + -1 + 4. Suppose -5*b + 3*a = -111, c*b - s*a - 63 = 31. Is b composite?
True
Let t = 167 + -76. Is t prime?
False
Let r be 20/(-6)*(-6)/(-5). Let i be r/6 + (-11)/(-3). Suppose 4*z - 26 = i*z. Is z prime?
False
Let s be 1/2 - (-39)/(-6). Let h be (-4)/(-1) + (-6 - s). Suppose h*n + 23 - 82 = 5*i, 0 = 5*i + 15. Is n a prime number?
True
Let i be -1*(0